eatest common divisor of 2109023 and 155.
31
What is the highest common divisor of 5974486 and 28?
14
What is the highest common factor of 485212 and 1209?
403
Calculate the highest common divisor of 2298 and 1308.
6
What is the highest common divisor of 110 and 263230?
110
What is the greatest common factor of 9 and 16977?
3
What is the greatest common divisor of 42 and 198618?
42
What is the highest common factor of 10332 and 56?
28
What is the greatest common divisor of 31635 and 1906536?
2109
What is the highest common factor of 6215 and 593815?
565
Calculate the highest common factor of 48664 and 8.
8
Calculate the highest common factor of 3038 and 20286.
98
What is the highest common divisor of 1731969 and 1863?
621
What is the greatest common factor of 118881 and 238?
119
Calculate the greatest common divisor of 113726 and 1126.
1126
Calculate the highest common factor of 66603 and 6.
3
Calculate the greatest common factor of 8493 and 2280.
57
What is the greatest common factor of 1296504 and 72?
72
What is the greatest common factor of 1157252 and 76?
76
Calculate the greatest common factor of 5312 and 12.
4
Calculate the highest common divisor of 2549712 and 704.
176
Calculate the greatest common divisor of 126 and 85518.
18
Calculate the highest common divisor of 16117 and 51475.
71
Calculate the greatest common divisor of 2424 and 2045048.
808
What is the greatest common divisor of 3206220 and 60?
60
What is the highest common divisor of 125983 and 156?
13
Calculate the greatest common divisor of 237 and 79158.
237
Calculate the highest common factor of 110 and 308110.
110
What is the greatest common factor of 15043 and 784?
49
Calculate the greatest common divisor of 1574690 and 91.
13
Calculate the greatest common divisor of 176190 and 1050.
210
Calculate the greatest common divisor of 9985188 and 204.
204
Calculate the greatest common divisor of 280 and 2534.
14
Calculate the greatest common divisor of 15901 and 19.
1
What is the highest common divisor of 661106 and 62?
62
What is the greatest common factor of 21 and 14183?
1
Calculate the greatest common divisor of 572 and 2794.
22
Calculate the highest common divisor of 17556 and 8.
4
What is the greatest common factor of 442 and 117351?
221
What is the greatest common factor of 629 and 182447?
37
What is the greatest common divisor of 124 and 176452?
124
What is the highest common factor of 1286929 and 2198?
1099
What is the highest common divisor of 5896180 and 140?
20
What is the greatest common factor of 70764 and 636?
12
Calculate the highest common divisor of 7308 and 563528.
812
What is the highest common divisor of 303050 and 22?
22
What is the highest common factor of 1260464 and 48?
16
What is the greatest common divisor of 89208 and 8024?
472
Calculate the greatest common divisor of 16 and 281.
1
Calculate the highest common factor of 2686 and 17408.
34
Calculate the greatest common divisor of 345 and 89945.
5
What is the highest common divisor of 2028 and 273?
39
What is the highest common factor of 15405 and 15?
15
Calculate the highest common factor of 7439 and 7093.
173
Calculate the greatest common factor of 4491 and 243.
9
Calculate the highest common divisor of 1199032 and 16.
8
What is the greatest common divisor of 953799 and 231?
231
Calculate the highest common divisor of 384 and 1068.
12
What is the highest common divisor of 4459 and 441?
49
Calculate the highest common factor of 66 and 75966.
66
Calculate the highest common divisor of 338355 and 438.
219
Calculate the highest common factor of 43050 and 1350.
150
Calculate the greatest common factor of 33748 and 50908.
572
What is the highest common divisor of 1077240 and 24?
24
Calculate the greatest common factor of 127969 and 73.
73
Calculate the highest common divisor of 382083 and 286.
13
Calculate the highest common divisor of 144141 and 69.
69
Calculate the highest common factor of 21581 and 476.
7
Calculate the greatest common divisor of 1539 and 12.
3
What is the highest common divisor of 238 and 59738?
238
What is the greatest common divisor of 82214 and 888?
74
What is the highest common divisor of 517 and 47893?
47
What is the highest common divisor of 1440 and 522432?
288
Calculate the highest common factor of 198 and 2336697.
99
What is the greatest common divisor of 866 and 455083?
433
What is the greatest common factor of 12672 and 2464?
352
What is the highest common factor of 1016660 and 10?
10
What is the greatest common divisor of 136929 and 39?
39
Calculate the highest common factor of 212 and 29733.
53
What is the greatest common divisor of 62159 and 183?
61
What is the greatest common divisor of 1378782 and 3888?
486
Calculate the highest common divisor of 70 and 134974.
14
What is the greatest common divisor of 26286 and 1326?
78
What is the highest common factor of 530704 and 16?
16
What is the highest common divisor of 7749 and 742469?
287
What is the greatest common divisor of 6 and 49382?
2
Calculate the greatest common factor of 2484 and 16353.
207
Calculate the highest common factor of 185514 and 222.
6
What is the greatest common factor of 58618 and 2408?
14
Calculate the greatest common divisor of 204 and 1236.
12
Calculate the highest common factor of 145 and 269265.
145
Calculate the highest common factor of 99 and 63846.
9
Calculate the greatest common factor of 5452 and 32828.
116
Calculate the greatest common divisor of 53 and 5627911.
53
Calculate the greatest common factor of 203 and 931.
7
Calculate the greatest common factor of 30776 and 12.
4
Calculate the highest common divisor of 5390 and 3542.
154
What is the highest common divisor of 115500 and 165?
165
What is the greatest common divisor of 6341 and 901?
17
What is the greatest common divisor of 18 and 22257?
9
Calculate the highest common divisor of 16896 and 2739.
33
Calculate the highest common factor of 30825 and 21235.
685
Calculate the highest common factor of 29756 and 79753.
173
Calculate the highest common divisor of 3636 and 5858.
202
Calculate the greatest common divisor of 927192 and 1428.
84
Calculate the highest common factor of 1581 and 11811.
93
Calculate the highest common factor of 75062 and 338.
26
What is the greatest common divisor of 430 and 356685?
215
What is the highest common factor of 517 and 75999?
517
What is the greatest common divisor of 24 and 63256?
8
Calculate the highest common divisor of 4356 and 963.
9
Calculate the greatest common factor of 80190 and 2090.
110
What is the highest common divisor of 821775 and 75?
75
What is the greatest common factor of 3091115 and 113?
113
Calculate the greatest common divisor of 24308 and 11433.
103
Calculate the highest common factor of 2691 and 8901.
207
Calculate the highest common divisor of 56 and 402899.
7
What is the greatest common factor of 24 and 19568?
8
What is the greatest common divisor of 65 and 142885?
5
Calculate the greatest common divisor of 37265 and 1131.
29
Calculate the greatest common divisor of 133903 and 77.
77
Calculate the greatest common factor of 8454233 and 191.
191
Calculate the highest common divisor of 1878 and 60.
6
What is the highest common divisor of 44864 and 192?
64
Calculate the greatest common factor of 6233 and 92.
23
Calculate the greatest common divisor of 13312 and 403.
13
What is the greatest common divisor of 1100 and 253880?
220
What is the greatest common divisor of 12288 and 62736?
48
What is the greatest common divisor of 783 and 7488351?
261
Calculate the highest common factor of 500 and 23020.
20
Calculate the highest common factor of 1156 and 9316.
68
What is the highest common factor of 3500 and 1540?
140
What is the highest common factor of 2409 and 21097?
73
What is the highest common factor of 50138 and 318?
106
What is the highest common divisor of 14624 and 4608?
32
Calculate the greatest common divisor of 7479850 and 25.
25
Calculate the highest common divisor of 193697 and 539.
49
Calculate the greatest common factor of 10 and 467270.
10
Calculate the greatest common factor of 120 and 2100.
60
Calculate the greatest common divisor of 215 and 564203.
43
What is the highest common factor of 34700 and 156844?
1388
What is the highest common factor of 867 and 1289229?
867
Wh